{"id":129,"date":"2024-11-09T16:24:20","date_gmt":"2024-11-09T16:24:20","guid":{"rendered":"https:\/\/ipluso.tendenciadigital.pt\/g1\/?post_type=product&#038;p=129"},"modified":"2024-11-21T05:43:09","modified_gmt":"2024-11-21T05:43:09","slug":"camiseta-tribal-africana-masculina","status":"publish","type":"product","link":"https:\/\/ipluso.tendenciadigital.pt\/g1\/product\/camiseta-tribal-africana-masculina\/","title":{"rendered":"Camiseta Tribal Africana Masculina"},"content":{"rendered":"<h2><strong>Assuma a sua identidade cultural com esta Camiseta Tribal Africana Masculina<\/strong><\/h2>\n<p>As marcas no corpo s\u00e3o elementos da identidade africana. Com eles, \u00e9 f\u00e1cil determinar a perten\u00e7a de um indiv\u00edduo a uma tribo ou cl\u00e3. Com esta <strong>Camiseta<\/strong> <strong>Tribal Africana Masculina<\/strong> , reivindique e assuma a sua identidade como um africano puro.<\/p>\n<ul>\n<li><span style=\"vertical-align: inherit;\"><span style=\"vertical-align: inherit;\">Marca: Aculturat<\/span><\/span><\/li>\n<li>Material: Algod\u00e3o<\/li>\n<li>Tipo:\u00a0<strong>Roupas tradicionais africanas<\/strong><\/li>\n<li>G\u00eanero: Masculino<\/li>\n<\/ul>\n","protected":false},"excerpt":{"rendered":"<p>As marcas no corpo s\u00e3o elementos da identidade africana. Com eles, \u00e9 f\u00e1cil determinar a perten\u00e7a de um indiv\u00edduo a uma tribo ou cl\u00e3.<\/p>\n","protected":false},"featured_media":132,"comment_status":"open","ping_status":"closed","template":"","meta":[],"product_cat":[28],"product_tag":[],"class_list":{"0":"post-129","1":"product","2":"type-product","3":"status-publish","4":"has-post-thumbnail","6":"product_cat-camisetas","8":"first","9":"instock","10":"shipping-taxable","11":"purchasable","12":"product-type-variable"},"_links":{"self":[{"href":"https:\/\/ipluso.tendenciadigital.pt\/g1\/wp-json\/wp\/v2\/product\/129","targetHints":{"allow":["GET"]}}],"collection":[{"href":"https:\/\/ipluso.tendenciadigital.pt\/g1\/wp-json\/wp\/v2\/product"}],"about":[{"href":"https:\/\/ipluso.tendenciadigital.pt\/g1\/wp-json\/wp\/v2\/types\/product"}],"replies":[{"embeddable":true,"href":"https:\/\/ipluso.tendenciadigital.pt\/g1\/wp-json\/wp\/v2\/comments?post=129"}],"version-history":[{"count":2,"href":"https:\/\/ipluso.tendenciadigital.pt\/g1\/wp-json\/wp\/v2\/product\/129\/revisions"}],"predecessor-version":[{"id":410,"href":"https:\/\/ipluso.tendenciadigital.pt\/g1\/wp-json\/wp\/v2\/product\/129\/revisions\/410"}],"wp:featuredmedia":[{"embeddable":true,"href":"https:\/\/ipluso.tendenciadigital.pt\/g1\/wp-json\/wp\/v2\/media\/132"}],"wp:attachment":[{"href":"https:\/\/ipluso.tendenciadigital.pt\/g1\/wp-json\/wp\/v2\/media?parent=129"}],"wp:term":[{"taxonomy":"product_cat","embeddable":true,"href":"https:\/\/ipluso.tendenciadigital.pt\/g1\/wp-json\/wp\/v2\/product_cat?post=129"},{"taxonomy":"product_tag","embeddable":true,"href":"https:\/\/ipluso.tendenciadigital.pt\/g1\/wp-json\/wp\/v2\/product_tag?post=129"}],"curies":[{"name":"wp","href":"https:\/\/api.w.org\/{rel}","templated":true}]}}